mmon factor of 5632 and 11?
11
What is the highest common divisor of 1146 and 6?
6
Calculate the greatest common factor of 46 and 13409.
23
Calculate the greatest common divisor of 10 and 70.
10
Calculate the highest common factor of 46 and 10189.
23
What is the highest common divisor of 990 and 220?
110
Calculate the highest common divisor of 2 and 6022.
2
Calculate the greatest common divisor of 54 and 678.
6
What is the highest common divisor of 531 and 54?
9
What is the greatest common factor of 39 and 156?
39
Calculate the greatest common divisor of 2491 and 94.
47
Calculate the greatest common factor of 20 and 2180.
20
Calculate the highest common divisor of 304 and 114.
38
Calculate the greatest common factor of 247 and 52.
13
Calculate the greatest common divisor of 9 and 24.
3
Calculate the highest common divisor of 340 and 37060.
340
What is the highest common factor of 183 and 39?
3
Calculate the highest common factor of 12 and 12.
12
Calculate the greatest common factor of 11 and 1265.
11
Calculate the greatest common factor of 198 and 36.
18
What is the greatest common divisor of 51 and 3009?
51
Calculate the highest common factor of 91 and 39.
13
Calculate the highest common factor of 1834 and 14.
14
What is the highest common divisor of 3 and 867?
3
What is the highest common factor of 11 and 11?
11
What is the greatest common divisor of 50 and 635?
5
Calculate the highest common divisor of 533 and 26.
13
Calculate the highest common factor of 167 and 48931.
167
What is the greatest common divisor of 52 and 494?
26
What is the highest common divisor of 91 and 2821?
91
What is the greatest common divisor of 167 and 3?
1
Calculate the greatest common factor of 44 and 10252.
44
What is the highest common factor of 85 and 55?
5
Calculate the greatest common factor of 357 and 126.
21
Calculate the highest common factor of 105 and 336.
21
Calculate the greatest common factor of 1239 and 2655.
177
What is the greatest common divisor of 16 and 280?
8
What is the highest common factor of 1247 and 215?
43
What is the highest common divisor of 3708 and 108?
36
Calculate the highest common divisor of 7137 and 45.
9
What is the greatest common factor of 1458 and 18?
18
What is the highest common factor of 2035 and 55?
55
Calculate the greatest common factor of 1645 and 141.
47
Calculate the highest common divisor of 74 and 370.
74
What is the highest common divisor of 726 and 264?
66
Calculate the highest common divisor of 8545 and 5.
5
Calculate the highest common factor of 522 and 12.
6
Calculate the highest common factor of 194 and 3880.
194
What is the greatest common factor of 60 and 1308?
12
What is the greatest common divisor of 35 and 56?
7
What is the highest common divisor of 10 and 65?
5
What is the greatest common factor of 30 and 345?
15
Calculate the highest common factor of 133 and 189.
7
Calculate the highest common divisor of 721 and 7.
7
Calculate the greatest common factor of 192 and 832.
64
Calculate the greatest common divisor of 1045 and 374.
11
Calculate the greatest common divisor of 6956 and 376.
188
What is the greatest common factor of 58 and 493?
29
Calculate the greatest common factor of 288 and 1656.
72
Calculate the greatest common divisor of 776 and 291.
97
What is the highest common divisor of 165 and 75?
15
What is the greatest common factor of 2580 and 120?
60
What is the highest common divisor of 10738 and 354?
118
Calculate the highest common factor of 1116 and 155.
31
What is the highest common divisor of 116 and 87?
29
What is the greatest common divisor of 7623 and 189?
63
What is the highest common factor of 1228 and 4?
4
Calculate the highest common divisor of 406 and 98.
14
Calculate the highest common factor of 185 and 10.
5
What is the highest common factor of 24 and 312?
24
Calculate the highest common divisor of 1457 and 31.
31
Calculate the highest common factor of 1472 and 1196.
92
Calculate the greatest common factor of 84 and 1806.
42
Calculate the highest common divisor of 38 and 4.
2
What is the greatest common factor of 57 and 969?
57
Calculate the greatest common factor of 15 and 120.
15
What is the greatest common factor of 132 and 12?
12
Calculate the highest common divisor of 198 and 550.
22
What is the highest common divisor of 7380 and 30?
30
Calculate the highest common factor of 92 and 6509.
23
What is the highest common divisor of 2294 and 186?
62
Calculate the highest common factor of 1241 and 1825.
73
What is the greatest common divisor of 104 and 8?
8
Calculate the highest common divisor of 5655 and 65.
65
Calculate the greatest common divisor of 155 and 20.
5
What is the highest common factor of 42 and 714?
42
Calculate the greatest common factor of 119 and 544.
17
What is the greatest common divisor of 6 and 354?
6
What is the highest common divisor of 6809 and 11?
11
Calculate the highest common divisor of 6258 and 210.
42
What is the greatest common divisor of 36 and 2376?
36
What is the greatest common divisor of 637 and 49?
49
What is the highest common factor of 546 and 378?
42
Calculate the greatest common divisor of 6 and 8.
2
What is the highest common divisor of 128 and 224?
32
Calculate the highest common factor of 138 and 69.
69
What is the highest common factor of 42 and 182?
14
What is the highest common factor of 10 and 3035?
5
What is the highest common factor of 1763 and 258?
43
Calculate the greatest common factor of 65 and 91.
13
Calculate the greatest common factor of 32 and 3.
1
What is the greatest common divisor of 1 and 8?
1
Calculate the highest common factor of 27 and 288.
9
Calculate the greatest common factor of 779 and 41.
41
Calculate the greatest common divisor of 4 and 76.
4
What is the greatest common divisor of 13461 and 21?
21
Calculate the greatest common divisor of 1945 and 35.
5
Calculate the greatest common factor of 95 and 38.
19
What is the highest common factor of 2145 and 1170?
195
Calculate the greatest common divisor of 10825 and 75.
25
Calculate the greatest common divisor of 88 and 484.
44
Calculate the highest common factor of 23 and 2231.
23
What is the highest common factor of 96 and 544?
32
What is the greatest common factor of 319 and 2189?
11
Calculate the highest common divisor of 352 and 32.
32
Calculate the greatest common divisor of 5260 and 20.
20
What is the highest common factor of 13 and 117?
13
What is the highest common divisor of 36138 and 76?
38
Calculate the greatest common factor of 1510 and 10.
10
Calculate the greatest common factor of 87 and 3567.
87
What is the greatest common factor of 654 and 9483?
327
What is the greatest common factor of 92 and 1564?
92
Calculate the highest common divisor of 8 and 20.
4
Calculate the greatest common divisor of 22 and 2959.
11
Calculate the highest common factor of 5 and 55.
5
What is the highest common divisor of 340 and 68?
68
Calculate the greatest common factor of 1350 and 360.
90
Calculate the greatest common factor of 533 and 205.
41
Calculate the highest common divisor of 324 and 12.
12
Calculate the greatest common divisor of 8299 and 43.
43
Calculate the greatest common divisor of 143 and 13.
13
What is the highest common divisor of 232 and 1044?
116
Calculate the highest common divisor of 48 and 6.
6
Calculate the greatest common divisor of 15 and 6.
3
What is the greatest common divisor of 38 and 3078?
38
What is the greatest common factor of 122 and 3538?
122
Calculate the greatest common factor of 5786 and 44.
22
Calculate the highest common factor of 1 and 617.
1
What is the highest common divisor of 63 and 35?
7
Calculate the highest common factor of 1140 and 2760.
60
Calculate the highest common divisor of 10974 and 186.
186
Calculate the greatest common factor of 15786 and 18.
18
Calculate the greatest common divisor of 1476 and 1066.
82
What is the highest common factor of 10414 and 254?
254
What is the highest common factor of 360 and 63?
9
Calculate the greatest common divisor of 4005 and 30.
15
Calculate the highest common divisor of 29172 and 66.
66
What is the highest common divisor of 26 and 923?
13
Calculate the greatest common factor of 4992 and 56.
8
What is the highest common factor of 676 and 104?
52
What is the highest common divisor 